 -4*n. Is i composite?
True
Let n(z) = 2573*z + 98. Let q be n(-13). Is (2 - q/4) + (-42)/56 a composite number?
True
Let n = 50572 - -164814. Is n a prime number?
False
Is 50/(-8) + 17/68 - -519413 composite?
True
Suppose -4924 = -3*v + 10688. Suppose v = 4*t - 2520. Is t a composite number?
False
Let u = 14954 - -78611. Is u a composite number?
True
Suppose 0 = -5*z + 3*l + 259, -2*z + 3*z - 44 = -2*l. Let f = z - 42. Suppose -f*c + 36 = 12. Is c prime?
True
Let o(l) = 14 - 25*l - 80*l + 23*l - 59*l. Let q(d) = d**3 - 5*d**2 + 3*d + 3. Let c be q(2). Is o(c) a composite number?
True
Suppose -8*k + 11*k = 312. Let h = -98 + k. Is (h/(-9))/(2/(-669)) composite?
False
Let i be (-3 - 2)*1 + 17. Is 30/i*(-146748)/(-30) composite?
True
Suppose 14*m - 4 = 24. Suppose 0 = -m*z + 10, 12*y = 7*y + 2*z + 7105. Is y prime?
True
Let q = 140 - 94. Let f = q - 42. Suppose f*n - m - 260 = -4*m, 3*m - 65 = -n. Is n a composite number?
True
Let p(c) be the second derivative of c**4/12 + c**3/2 + 25*c**2/2 + 6*c. Let y be 3 + (-7 - (-9)/(-3)). Is p(y) a prime number?
True
Let r(t) = t**3 - 96*t**2 - 344*t - 1051. Is r(106) a prime number?
False
Suppose -z + 14044 = 4*f, 13*f = 17*f - 2*z - 14032. Suppose f = 4*h + 826. Is h prime?
False
Suppose 5*o - 602754 = -4*p, -4*o = 7*p - 9*p - 482198. Suppose -r + o = 9*r. Is r composite?
True
Let o be -4 - (-3 - 10/(-4)*-48674). Suppose 2*w = w, -4*l + o = 5*w. Is l a prime number?
False
Let k(c) = 609*c**2 + 10*c + 3. Let h be k(-4). Let a = -6524 + h. Is a composite?
True
Is (8*(-28)/(-112))/(4/1298614) composite?
False
Let d(s) = -301*s + 39. Let u(h) = -152*h + 19. Let i(y) = 4*d(y) - 9*u(y). Is i(14) prime?
True
Suppose -q - 2*x = x + 6, 3*q = 5*x + 24. Suppose 2977 = a - q*h, 2*a - 2*h = 7*a - 14817. Is a composite?
True
Suppose 0 = -4*j + 2*h - 5456, 8*h = 4*h. Is ((-37)/(-2))/(-10 + j/(-136)) a prime number?
False
Suppose -u - 4 + 16 = 0. Let a be 2/(-6) + 28/u. Suppose 0*y + 5*s = y - 180, 830 = 4*y + a*s. Is y a prime number?
False
Let t(j) be the first derivative of 3*j**4 - 4*j**3/3 + 2*j**2 - 2*j + 29. Is t(5) composite?
True
Suppose -1578*z + 1580*z - c - 372105 = 0, c + 3 = 0. Is z prime?
False
Let v(h) = h + 16. Let i be v(-12). Suppose -i*x + 9 = 1. Suppose x*c - 836 - 642 = 0. Is c prime?
True
Suppose 0*r + 3*d - 2278 = r, 5*d = 4*r + 9133. Let a = -256 - r. Is a a prime number?
False
Let h(p) = 98*p**2 - 21*p + 8. Let d be h(15). Suppose 31141 = 5*k - 2*o, 5*o - d = -3*k - 3077. Is k a composite number?
True
Is 152870 + 1 + (2 - -4) + 9 + -13 composite?
True
Suppose 0 = -38*k + 42*k - 12800. Suppose 3*f - k - 2023 = 0. Is f composite?
False
Is -1 + 12 - 42644288/(-109) a composite number?
True
Suppose -2118 = s + 4*a, -s + 5*a - 2556 = -465. Let i = s + 546. Is 12/(-3) - i - -3 composite?
False
Let h be 5196/9*(91/14 + -5). Let q = 1567 - h. Is q a prime number?
True
Suppose 5*s + 828 = 5*r - 442, r = 3*s + 256. Suppose -h = 2*a - r, -15*a = -h - 11*a + 271. Is h a prime number?
False
Let p(o) = -5 + 2180*o**2 - 60*o**2 - 30 + 879*o**2 - 20*o. Is p(-2) a prime number?
False
Let x = 665 - -831. Suppose l - n - x = 4*n, 3*n = 5*l - 7436. Is l a composite number?
True
Suppose 4*b + 4*k = 241 - 1, -b + 48 = 5*k. Is b/(-21) - (1 + -1923) a prime number?
False
Let i = -14 - -20. Let n(w) be the third derivative of 229*w**4/24 - 11*w**3/6 - 4*w**2. Is n(i) a prime number?
False
Let u(y) = -7*y - 12 - 210*y**2 - 140*y**2 - 104*y**2 + 5*y. Let p be u(-4). Is p/(-6) + 8/(-24) a prime number?
False
Let v = 55748 - 22641. Is v prime?
True
Let o(u) = -7*u**2 + 17*u - 19. Let l(s) = -3*s**2 + 8*s - 10. Let b(z) = 9*l(z) - 4*o(z). Let r be b(-6). Is (-77)/(((-5)/20)/(r/(-8))) a prime number?
False
Suppose 5*q + 89 + 26 = 0. Let i(v) = 9*v**2 + 23*v + 8. Let u be i(q). Suppose -8*a = -3*a - 3*r - u, 3*a - 2*r - 2543 = 0. Is a composite?
True
Let j(w) = -1374*w - 49. Let r(m) = 12369*m + 441. Let c(u) = 28*j(u) + 3*r(u). Is c(-4) a composite number?
True
Suppose -2*c + 0*c + 3*m = 0, 0 = c - 2*m + 1. Suppose 5*p = -c - 22. Let s(u) = 3*u**2 + 2*u + 12. Is s(p) a composite number?
True
Let z be (-1)/((24/207)/(-8)). Let g = z + 1454. Is g a prime number?
True
Suppose -2551*h - 142 = -2553*h. Suppose -3*w - 3*n = 2*w + 268, 5*n + 36 = -w. Let m = h + w. Is m a composite number?
True
Is (-1122)/(-66)*(-2 + 2 + 13249) a prime number?
False
Suppose 0*j = j - 2*w - 13, j + 2*w = -3. Suppose -3*g = j*t - 4039, 3958 = 4*t + 4*g + 730. Is t prime?
True
Suppose h + x - 61287 = 68097, 4*x - 388157 = -3*h. Is h composite?
False
Let v(x) = -24234*x + 209. Let w(t) = 16156*t - 140. Let n(m) = 5*v(m) + 7*w(m). Is n(-2) prime?
False
Suppose -8 = -5*p - 18. Suppose 17 = -4*m + 9. Is m/(p/1083) - -4 a prime number?
True
Let l(u) = -12*u**2 + 13*u + 57. Let o(c) = -5*c**2 + 7*c + 28. Let d(x) = -4*l(x) + 9*o(x). Is d(-10) prime?
False
Let p(r) = 90*r**2 - 286*r + 19. Is p(7) a composite number?
True
Let n = -39341 + 59360. Is n a composite number?
True
Let m(s) = -9*s + 40. Let x be m(10). Let q be 1*-4 - (-13)/((-65)/x). Is 96925/50 - q/4 composite?
True
Let d = 10 - 6. Suppose -661 = 3*s - v, 4*s + 474 = d*v - 402. Let t = s - -384. Is t a prime number?
True
Let m(g) = -3*g + 2*g**2 + 16 - g + g. Let l be m(10). Suppose d = 215 + l. Is d prime?
True
Suppose -16 = 5*s - 2*s - 5*g, -34 = -3*s - 5*g. Suppose 3*j - 274 = 5*p, 0*p + 5*j = -s*p - 178. Let v = p - -325. Is v a prime number?
True
Let n(i) = -4547*i + 105. Is n(-8) composite?
True
Let c(s) = 4970*s - 5353. Is c(58) a composite number?
False
Let n = -166 - -7455. Is n a composite number?
True
Is 797*(-1 - -4 - (-73 + (5 - 26))) a prime number?
False
Let z(j) = -580*j**3 - 22*j - 189. Is z(-5) prime?
True
Let j(s) = s**3 + 6*s**2 - 3*s + 25. Let g be j(-7). Let o be (4/(-10))/(g/30). Suppose -4*h + 1333 = -3*n, -o*n = 9 + 3. Is h composite?
False
Let z(m) = -m**3 - 14*m**2 + 7*m - 17. Let b be 0/(1 + 0) - (30 - 32). Let i be b/17 - (-257)/(-17). Is z(i) composite?
False
Let t be (8/(-12))/((-4)/3738 + 0). Let z = 561 + t. Suppose 0 = -3*b + z + 835. Is b composite?
False
Let u(l) = 28*l - 82. Let q be u(3). Suppose 0 = q*k + 4*s - 33428, -6*s = -s - 20. Is k composite?
True
Suppose 0 = -4*s - 5*j + 19, s + 3*j - 5 = 2*j. Let d be (3 + -288)*(-16)/s. Suppose -5*h = 4*v - 3043, -2*v - h = -v - d. Is v a composite number?
False
Let f be 2/(-5)*(3 - 13). Is (-8039)/(f*3/(-12)) a prime number?
True
Suppose 3*t = 2*t - 6571. Let u = 4637 + t. Is (u/3)/(6/(-9)) a prime number?
True
Suppose -2*u + 10829 = -2*n - 19383, -3*u + 45298 = n. Is u composite?
False
Suppose 0 = -3*i - 2*y + 465953, -3*i + 7*y - 10*y = -465948. Is i a prime number?
False
Let g(f) = f**2 - f - 10. Let p be g(-5). Suppose 452 = -8*z + p. Is (-36)/z*(-2922)/(-4) prime?
True
Let h(m) = 21*m - 16. Let x be h(1). Suppose -l = -x*z + 2603, 8*l = 5*z + 3*l - 2595. Is z a prime number?
True
Let d = -25 + 163. Let g = 1847 + d. Is g composite?
True
Let m(v) = -15*v**3 + v**2 - 7*v - 5. Let i be m(-4). Suppose -9*x + 6590 - 2468 = 0. Let o = i - x. Is o composite?
False
Let j = -550892 - -821401. Is j a prime number?
True
Let c = -27 - -33. Suppose -3*f + f = -4*v - 20, -c = 3*v. Is (-3)/f*(-239 + -3) composite?
True
Let x(s) = -s**3 + 8*s**2 + 20*s + 11. Suppose 3*z = -n - 0 + 19, 2*n - z - 17 = 0. Let m be x(n). Suppose -o - m*o = -1572. Is o a prime number?
True
Let i(p) = 78*p - 4. Let o(c) = 78*c - 5. Let w(u) = 2*i(u) - 3*o(u). Let h be w(18). Let d = h + 2406. Is d composite?
False
Is (-177069)/(-10) - 12/24*2/(-10) a composite number?
False
Suppose -8*v - 7868 = 16036. Let i = 9103 + v. Is i a prime number?
False
Suppose 0 = 10*s + 76*s - 1620154. Is s a prime number?
True
Suppose 0 = -f - 7*f + 32. Suppose 309 = f*h + l - 3178, -5*l + 3467 = 4*h. Suppose 4*q - 13*q = -h. Is q a composite number?
False
Suppose 4*v - 1275256 = -4*c, 4*v + 782934 = 5*c - 811199. Is c a prime number?
False
Let i(l) = 5*l**2 + 7*l + 5. Let d be i(-2). Suppose d*r = 4*r. Is 0 + -1 + r - (-2 + -122) a composite number?
True
Let i(b) = -b. Let v be i(0). Suppose g + 3*x = 2*g - 6, v = -3*x - 9. Is g/(-2)*2 + 268 prime?
True
Let p = -4621 + 2966. Let g = p + 4128. Is g a composite number?
False
Let m = -513323 - -1568568. Is m a comp